{"id":38,"date":"2026-01-09T18:59:39","date_gmt":"2026-01-09T18:59:39","guid":{"rendered":"https:\/\/h24caerus.com\/wp\/?page_id=38"},"modified":"2026-01-29T17:01:52","modified_gmt":"2026-01-29T17:01:52","slug":"imprint","status":"publish","type":"page","link":"https:\/\/h24caerus.com\/?page_id=38","title":{"rendered":"Imprint"},"content":{"rendered":"\t\t<div data-elementor-type=\"wp-page\" data-elementor-id=\"38\" class=\"elementor elementor-38\">\n\t\t\t\t<header class=\"elementor-element elementor-element-4a0e44b2 e-con-full e-flex e-con e-parent\" data-id=\"4a0e44b2\" data-element_type=\"container\" data-e-type=\"container\" data-settings=\"{&quot;background_background&quot;:&quot;classic&quot;}\">\n\t\t<div class=\"elementor-element elementor-element-16dcf715 e-con-full e-flex e-con e-child\" data-id=\"16dcf715\" data-element_type=\"container\" data-e-type=\"container\">\n\t\t\t\t<div class=\"elementor-element elementor-element-4e0b5908 elementor-widget elementor-widget-image\" data-id=\"4e0b5908\" data-element_type=\"widget\" data-e-type=\"widget\" data-widget_type=\"image.default\">\n\t\t\t\t\t\t\t\t\t\t\t\t\t\t\t<img decoding=\"async\" width=\"300\" height=\"64\" src=\"https:\/\/h24caerus.com\/wp\/wp-content\/uploads\/2026\/01\/Bildschirmfoto-2026-01-08-um-14.57.03-300x64.png\" class=\"attachment-medium size-medium wp-image-15\" alt=\"\" srcset=\"https:\/\/h24caerus.com\/wp\/wp-content\/uploads\/2026\/01\/Bildschirmfoto-2026-01-08-um-14.57.03-300x64.png 300w, https:\/\/h24caerus.com\/wp\/wp-content\/uploads\/2026\/01\/Bildschirmfoto-2026-01-08-um-14.57.03.png 484w\" sizes=\"(max-width: 300px) 100vw, 300px\" \/>\t\t\t\t\t\t\t\t\t\t\t\t\t\t\t<\/div>\n\t\t\t\t<\/div>\n\t\t<div class=\"elementor-element elementor-element-5bd60f96 e-con-full e-flex e-con e-child\" data-id=\"5bd60f96\" data-element_type=\"container\" data-e-type=\"container\">\n\t\t\t\t<div class=\"elementor-element elementor-element-5a13a784 eael_simple_menu_hamburger_disable_selected_menu_hide eael-simple-menu-hamburger-align-right eael-hamburger--tablet elementor-widget elementor-widget-eael-simple-menu\" data-id=\"5a13a784\" data-element_type=\"widget\" data-e-type=\"widget\" data-widget_type=\"eael-simple-menu.default\">\n\t\t\t\t\t<style>\n                        @media screen and (max-width: 1024px) {\n                            .eael-hamburger--tablet {\n                                .eael-simple-menu-horizontal,\n                                .eael-simple-menu-vertical {\n                                    display: none;\n                                }\n                            }\n                            .eael-hamburger--tablet {\n                                .eael-simple-menu-container .eael-simple-menu-toggle {\n                                    display: block;\n                                }\n                            }\n                        }\n                        .eael-simple-menu-container.eael-simple-menu--loading > ul {\n                            display: -webkit-box !important;\n                            display: -ms-flexbox !important;\n                            display: flex !important;\n                            list-style: none !important;\n                        }\n                        .eael-simple-menu-container.eael-simple-menu--loading li ul {\n                            visibility: hidden !important;\n                            opacity: 0 !important;\n                        }\n                    <\/style>            <div data-hamburger-icon=\"&lt;svg aria-hidden=&quot;true&quot; class=&quot;e-font-icon-svg e-fas-bars&quot; viewBox=&quot;0 0 448 512&quot; xmlns=&quot;http:\/\/www.w3.org\/2000\/svg&quot;&gt;&lt;path d=&quot;M16 132h416c8.837 0 16-7.163 16-16V76c0-8.837-7.163-16-16-16H16C7.163 60 0 67.163 0 76v40c0 8.837 7.163 16 16 16zm0 160h416c8.837 0 16-7.163 16-16v-40c0-8.837-7.163-16-16-16H16c-8.837 0-16 7.163-16 16v40c0 8.837 7.163 16 16 16zm0 160h416c8.837 0 16-7.163 16-16v-40c0-8.837-7.163-16-16-16H16c-8.837 0-16 7.163-16 16v40c0 8.837 7.163 16 16 16z&quot;&gt;&lt;\/path&gt;&lt;\/svg&gt;\" data-indicator-icon=\"&lt;svg aria-hidden=&quot;true&quot; class=&quot;e-font-icon-svg e-fas-angle-down&quot; viewBox=&quot;0 0 320 512&quot; xmlns=&quot;http:\/\/www.w3.org\/2000\/svg&quot;&gt;&lt;path d=&quot;M143 352.3L7 216.3c-9.4-9.4-9.4-24.6 0-33.9l22.6-22.6c9.4-9.4 24.6-9.4 33.9 0l96.4 96.4 96.4-96.4c9.4-9.4 24.6-9.4 33.9 0l22.6 22.6c9.4 9.4 9.4 24.6 0 33.9l-136 136c-9.2 9.4-24.4 9.4-33.8 0z&quot;&gt;&lt;\/path&gt;&lt;\/svg&gt;\" data-dropdown-indicator-icon=\"&lt;svg class=&quot;e-font-icon-svg e-fas-angle-down&quot; viewBox=&quot;0 0 320 512&quot; xmlns=&quot;http:\/\/www.w3.org\/2000\/svg&quot;&gt;&lt;path d=&quot;M143 352.3L7 216.3c-9.4-9.4-9.4-24.6 0-33.9l22.6-22.6c9.4-9.4 24.6-9.4 33.9 0l96.4 96.4 96.4-96.4c9.4-9.4 24.6-9.4 33.9 0l22.6 22.6c9.4 9.4 9.4 24.6 0 33.9l-136 136c-9.2 9.4-24.4 9.4-33.8 0z&quot;&gt;&lt;\/path&gt;&lt;\/svg&gt;\" class=\"eael-simple-menu-container eael-simple-menu--loading eael-simple-menu-align-right eael-simple-menu--stretch eael-simple-menu-dropdown-align-left preset-1\" data-hamburger-breakpoints=\"{&quot;mobile&quot;:&quot;Mobile Portrait (&gt; 767px)&quot;,&quot;tablet&quot;:&quot;Tablet Portrait (&gt; 1024px)&quot;,&quot;desktop&quot;:&quot;Desktop (&gt; 2400px)&quot;,&quot;none&quot;:&quot;None&quot;}\" data-hamburger-device=\"tablet\">\n                <ul id=\"menu-home\" class=\"eael-simple-menu eael-simple-menu-dropdown-animate-fade eael-simple-menu-indicator eael-simple-menu-horizontal\"><li id=\"menu-item-54\" class=\"menu-item menu-item-type-post_type menu-item-object-page menu-item-home menu-item-54\"><a href=\"https:\/\/h24caerus.com\/\">General<\/a><\/li>\n<li id=\"menu-item-120\" class=\"menu-item menu-item-type-post_type menu-item-object-page menu-item-120\"><a href=\"https:\/\/h24caerus.com\/?page_id=115\">Info<\/a><\/li>\n<li id=\"menu-item-55\" class=\"menu-item menu-item-type-post_type menu-item-object-page menu-item-55\"><a href=\"https:\/\/h24caerus.com\/?page_id=36\">Privacy Policy<\/a><\/li>\n<li id=\"menu-item-53\" class=\"menu-item menu-item-type-post_type menu-item-object-page menu-item-53\"><a href=\"https:\/\/h24caerus.com\/?page_id=38\">Imprint<\/a><\/li>\n<\/ul>                <button class=\"eael-simple-menu-toggle\">\n                    <span class=\"sr-only \">Hamburger Toggle Menu<\/span>\n                    <svg aria-hidden=\"true\" class=\"e-font-icon-svg e-fas-bars\" viewBox=\"0 0 448 512\" xmlns=\"http:\/\/www.w3.org\/2000\/svg\"><path d=\"M16 132h416c8.837 0 16-7.163 16-16V76c0-8.837-7.163-16-16-16H16C7.163 60 0 67.163 0 76v40c0 8.837 7.163 16 16 16zm0 160h416c8.837 0 16-7.163 16-16v-40c0-8.837-7.163-16-16-16H16c-8.837 0-16 7.163-16 16v40c0 8.837 7.163 16 16 16zm0 160h416c8.837 0 16-7.163 16-16v-40c0-8.837-7.163-16-16-16H16c-8.837 0-16 7.163-16 16v40c0 8.837 7.163 16 16 16z\"><\/path><\/svg>                <\/button>\n            <\/div>\n            \t\t\t\t<\/div>\n\t\t\t\t<\/div>\n\t\t\t\t<\/header>\n\t\t<div class=\"elementor-element elementor-element-262eed2f e-flex e-con-boxed e-con e-parent\" data-id=\"262eed2f\" data-element_type=\"container\" data-e-type=\"container\">\n\t\t\t\t\t<div class=\"e-con-inner\">\n\t\t\t\t<div class=\"elementor-element elementor-element-554f66c0 elementor-widget elementor-widget-spacer\" data-id=\"554f66c0\" data-element_type=\"widget\" data-e-type=\"widget\" data-widget_type=\"spacer.default\">\n\t\t\t\t\t\t\t<div class=\"elementor-spacer\">\n\t\t\t<div class=\"elementor-spacer-inner\"><\/div>\n\t\t<\/div>\n\t\t\t\t\t\t<\/div>\n\t\t<div class=\"elementor-element elementor-element-14f5f080 e-grid e-con-full e-con e-child\" data-id=\"14f5f080\" data-element_type=\"container\" data-e-type=\"container\">\n\t\t\t\t<div class=\"elementor-element elementor-element-3a07d368 elementor-widget elementor-widget-heading\" data-id=\"3a07d368\" data-element_type=\"widget\" data-e-type=\"widget\" data-widget_type=\"heading.default\">\n\t\t\t\t\t<h2 class=\"elementor-heading-title elementor-size-default\">Imprint<\/h2>\t\t\t\t<\/div>\n\t\t\t\t<div class=\"elementor-element elementor-element-25f15d59 elementor-widget elementor-widget-text-editor\" data-id=\"25f15d59\" data-element_type=\"widget\" data-e-type=\"widget\" data-widget_type=\"text-editor.default\">\n\t\t\t\t\t\t\t\t\t<h3 data-start=\"303\" data-end=\"346\">Informa\u021bii privind operatorul site-ului<\/h3><p data-start=\"348\" data-end=\"677\"><strong data-start=\"348\" data-end=\"370\">Denumire operator:<\/strong>\u00a0H24 CAERUS S.R.L.<br data-start=\"411\" data-end=\"414\" \/><strong data-start=\"414\" data-end=\"433\">Form\u0103 juridic\u0103:\u00a0<\/strong>SRL<br data-start=\"473\" data-end=\"476\" \/><strong data-start=\"476\" data-end=\"493\">Sediu social:<\/strong>\u00a0<span style=\"font-family: var( --e-global-typography-primary-font-family ), Sans-serif; font-weight: var( --e-global-typography-primary-font-weight ); text-align: var(--text-align); font-size: 1rem;\">Strada Izvorului, Nr. 89, Giarmata, Timi\u015f, 307210<\/span><\/p><p data-start=\"348\" data-end=\"677\"><strong style=\"font-family: var( --e-global-typography-primary-font-family ), Sans-serif; text-align: var(--text-align); font-size: 1rem;\" data-start=\"514\" data-end=\"545\">Num\u0103r Registrul Comer\u021bului:<\/strong><span style=\"font-family: var( --e-global-typography-primary-font-family ), Sans-serif; font-weight: var( --e-global-typography-primary-font-weight ); text-align: var(--text-align); font-size: 1rem;\">\u00a0<\/span><span style=\"font-family: var( --e-global-typography-primary-font-family ), Sans-serif; font-weight: var( --e-global-typography-primary-font-weight ); text-align: var(--text-align); font-size: 1rem;\">J2025082820003<\/span><\/p><p data-start=\"348\" data-end=\"677\"><strong data-start=\"562\" data-end=\"597\">Cod unic de \u00eenregistrare (CUI):<\/strong>\u00a0 RO52790280<\/p><hr data-start=\"679\" data-end=\"682\" \/><h3 data-start=\"684\" data-end=\"703\">Date de contact<\/h3><p data-start=\"705\" data-end=\"789\"><strong data-start=\"705\" data-end=\"717\">Telefon:<\/strong> +39 0171 1866 600<br data-start=\"733\" data-end=\"736\" \/><strong data-start=\"736\" data-end=\"747\">E-mail:<\/strong> info@h24caerus.com<br data-start=\"763\" data-end=\"766\" \/><strong data-start=\"766\" data-end=\"778\">Website:<\/strong> https:\/\/h24caerus.com<\/p><hr data-start=\"791\" data-end=\"794\" \/><h3 data-start=\"796\" data-end=\"818\">Reprezentant legal<\/h3><p data-start=\"820\" data-end=\"911\"><strong data-start=\"820\" data-end=\"840\">Nume \u0219i prenume:<\/strong> Socatiu Georgeta-Livia<br data-start=\"866\" data-end=\"869\" \/><strong data-start=\"869\" data-end=\"881\">Func\u021bie:<\/strong> Administrator<\/p><hr data-start=\"913\" data-end=\"916\" \/><h3 data-start=\"918\" data-end=\"966\">Autorit\u0103\u021bi de supraveghere\u00a0<\/h3><p data-start=\"968\" data-end=\"1095\"><strong data-start=\"968\" data-end=\"1062\">Autoritatea Na\u021bional\u0103 de Supraveghere a Prelucr\u0103rii Datelor cu Caracter Personal (ANSPDCP)<\/strong><br data-start=\"1062\" data-end=\"1065\" \/>Website: <a target=\"_new\" rel=\"noopener\" data-start=\"1074\" data-end=\"1095\">www.dataprotection.ro<\/a><\/p><hr data-start=\"1097\" data-end=\"1100\" \/><h3 data-start=\"1102\" data-end=\"1123\">Drepturi de autor<\/h3><p data-start=\"1125\" data-end=\"1348\">Con\u021binutul site-ului (texte, imagini, elemente grafice, logo-uri, materiale video, cod surs\u0103) este protejat de legisla\u021bia privind drepturile de autor.<br data-start=\"1275\" data-end=\"1278\" \/>Utilizarea acestuia f\u0103r\u0103 acordul scris al operatorului este interzis\u0103.<\/p><hr data-start=\"1350\" data-end=\"1353\" \/><h3 data-start=\"1355\" data-end=\"1380\">Limitarea r\u0103spunderii<\/h3><p data-start=\"1382\" data-end=\"1597\">Operatorul site-ului nu \u00ee\u0219i asum\u0103 r\u0103spunderea pentru eventuale erori, omisiuni sau neactualiz\u0103ri ale informa\u021biilor publicate pe site. Informa\u021biile au caracter informativ \u0219i nu constituie consultan\u021b\u0103 de specialitate.<\/p><hr data-start=\"1599\" data-end=\"1602\" \/><h3 data-start=\"1604\" data-end=\"1627\">Politici aplicabile<\/h3><p data-start=\"1629\" data-end=\"1720\">Prelucrarea datelor cu caracter personal \u0219i utilizarea cookie-urilor se realizeaz\u0103 conform:<\/p><ul data-start=\"1721\" data-end=\"1823\"><li data-start=\"1721\" data-end=\"1755\"><p data-start=\"1723\" data-end=\"1755\">Politicii de Confiden\u021bialitate<\/p><\/li><li data-start=\"1756\" data-end=\"1780\"><p data-start=\"1758\" data-end=\"1780\">Politicii de Cookies<\/p><\/li><li data-start=\"1781\" data-end=\"1823\"><p data-start=\"1783\" data-end=\"1823\">Termenilor \u0219i Condi\u021biilor de utilizare<\/p><\/li><\/ul><p data-start=\"1825\" data-end=\"1862\">Documentele sunt disponibile pe site.<\/p><hr data-start=\"1864\" data-end=\"1867\" \/><h3 data-start=\"1869\" data-end=\"1891\">Ultima actualizare<\/h3><p data-start=\"1893\" data-end=\"1948\">Prezentul impresum a fost actualizat la data de: 10.01.2026<\/p>\t\t\t\t\t\t\t\t<\/div>\n\t\t\t\t<\/div>\n\t\t\t\t\t<\/div>\n\t\t\t\t<\/div>\n\t\t<footer class=\"elementor-element elementor-element-740afd40 e-con-full e-flex e-con e-parent\" data-id=\"740afd40\" data-element_type=\"container\" data-e-type=\"container\">\n\t\t<div class=\"elementor-element elementor-element-3e351be1 e-con-full e-flex e-con e-child\" data-id=\"3e351be1\" data-element_type=\"container\" data-e-type=\"container\">\n\t\t\t\t<div class=\"elementor-element elementor-element-203b2063 elementor-widget elementor-widget-image\" data-id=\"203b2063\" data-element_type=\"widget\" data-e-type=\"widget\" data-widget_type=\"image.default\">\n\t\t\t\t\t\t\t\t\t\t\t\t\t\t\t<img fetchpriority=\"high\" decoding=\"async\" width=\"484\" height=\"104\" src=\"https:\/\/h24caerus.com\/wp\/wp-content\/uploads\/2026\/01\/Bildschirmfoto-2026-01-08-um-14.57.03.png\" class=\"attachment-full size-full wp-image-15\" alt=\"\" srcset=\"https:\/\/h24caerus.com\/wp\/wp-content\/uploads\/2026\/01\/Bildschirmfoto-2026-01-08-um-14.57.03.png 484w, https:\/\/h24caerus.com\/wp\/wp-content\/uploads\/2026\/01\/Bildschirmfoto-2026-01-08-um-14.57.03-300x64.png 300w\" sizes=\"(max-width: 484px) 100vw, 484px\" \/>\t\t\t\t\t\t\t\t\t\t\t\t\t\t\t<\/div>\n\t\t\t\t<\/div>\n\t\t<div class=\"elementor-element elementor-element-49b21f36 e-con-full e-flex e-con e-child\" data-id=\"49b21f36\" data-element_type=\"container\" data-e-type=\"container\">\n\t\t\t\t<div class=\"elementor-element elementor-element-19ac41c4 elementor-widget elementor-widget-spacer\" data-id=\"19ac41c4\" data-element_type=\"widget\" data-e-type=\"widget\" data-widget_type=\"spacer.default\">\n\t\t\t\t\t\t\t<div class=\"elementor-spacer\">\n\t\t\t<div class=\"elementor-spacer-inner\"><\/div>\n\t\t<\/div>\n\t\t\t\t\t\t<\/div>\n\t\t\t\t<\/div>\n\t\t<div class=\"elementor-element elementor-element-6e41936f e-con-full e-flex e-con e-child\" data-id=\"6e41936f\" data-element_type=\"container\" data-e-type=\"container\">\n\t\t\t\t<div class=\"elementor-element elementor-element-5e11ff9c elementor-widget elementor-widget-image\" data-id=\"5e11ff9c\" data-element_type=\"widget\" data-e-type=\"widget\" data-widget_type=\"image.default\">\n\t\t\t\t\t\t\t\t\t\t\t\t\t\t\t\t<a href=\"https:\/\/anpc.ro\">\n\t\t\t\t\t\t\t<img decoding=\"async\" src=\"https:\/\/h24caerus.com\/wp\/wp-content\/uploads\/2026\/01\/Bildschirmfoto-2026-01-09-um-20.29.01.png\" title=\"Bildschirmfoto 2026-01-09 um 20.29.01\" alt=\"Bildschirmfoto 2026-01-09 um 20.29.01\" loading=\"lazy\" \/>\t\t\t\t\t\t\t\t<\/a>\n\t\t\t\t\t\t\t\t\t\t\t\t\t\t\t<\/div>\n\t\t\t\t<\/div>\n\t\t\t\t<\/footer>\n\t\t<div class=\"elementor-element elementor-element-71389bab e-con-full e-flex e-con e-parent\" data-id=\"71389bab\" data-element_type=\"container\" data-e-type=\"container\" data-settings=\"{&quot;background_background&quot;:&quot;classic&quot;}\">\n\t\t\t\t<div class=\"elementor-element elementor-element-17ab4ce1 elementor-widget elementor-widget-heading\" data-id=\"17ab4ce1\" data-element_type=\"widget\" data-e-type=\"widget\" data-widget_type=\"heading.default\">\n\t\t\t\t\t<p class=\"elementor-heading-title elementor-size-default\">\u00a9 H24 CAERUS 2026<\/p>\t\t\t\t<\/div>\n\t\t\t\t<\/div>\n\t\t\t\t<\/div>\n\t\t","protected":false},"excerpt":{"rendered":"<p>General Info Privacy Policy Imprint Hamburger Toggle Menu Imprint Informa\u021bii privind operatorul site-ului Denumire operator:\u00a0H24 CAERUS S.R.L.Form\u0103 juridic\u0103:\u00a0SRLSediu social:\u00a0Strada Izvorului, Nr. 89, Giarmata, Timi\u015f, 307210 Num\u0103r Registrul Comer\u021bului:\u00a0J2025082820003 Cod unic de \u00eenregistrare (CUI):\u00a0 RO52790280 Date de contact Telefon: +39 0171 1866 600E-mail: info@h24caerus.comWebsite: https:\/\/h24caerus.com Reprezentant legal Nume \u0219i prenume: Socatiu Georgeta-LiviaFunc\u021bie: Administrator Autorit\u0103\u021bi de supraveghere\u00a0 [&hellip;]<\/p>\n","protected":false},"author":1,"featured_media":0,"parent":0,"menu_order":0,"comment_status":"closed","ping_status":"closed","template":"elementor_canvas","meta":{"footnotes":""},"class_list":["post-38","page","type-page","status-publish","hentry"],"yoast_head":"<!-- This site is optimized with the Yoast SEO plugin v27.4 - https:\/\/yoast.com\/product\/yoast-seo-wordpress\/ -->\n<title>Imprint - H24 Caerus<\/title>\n<meta name=\"robots\" content=\"index, follow, max-snippet:-1, max-image-preview:large, max-video-preview:-1\" \/>\n<link rel=\"canonical\" href=\"https:\/\/h24caerus.com\/?page_id=38\" \/>\n<meta property=\"og:locale\" content=\"en_US\" \/>\n<meta property=\"og:type\" content=\"article\" \/>\n<meta property=\"og:title\" content=\"Imprint - H24 Caerus\" \/>\n<meta property=\"og:description\" content=\"General Info Privacy Policy Imprint Hamburger Toggle Menu Imprint Informa\u021bii privind operatorul site-ului Denumire operator:\u00a0H24 CAERUS S.R.L.Form\u0103 juridic\u0103:\u00a0SRLSediu social:\u00a0Strada Izvorului, Nr. 89, Giarmata, Timi\u015f, 307210 Num\u0103r Registrul Comer\u021bului:\u00a0J2025082820003 Cod unic de \u00eenregistrare (CUI):\u00a0 RO52790280 Date de contact Telefon: +39 0171 1866 600E-mail: info@h24caerus.comWebsite: https:\/\/h24caerus.com Reprezentant legal Nume \u0219i prenume: Socatiu Georgeta-LiviaFunc\u021bie: Administrator Autorit\u0103\u021bi de supraveghere\u00a0 [&hellip;]\" \/>\n<meta property=\"og:url\" content=\"https:\/\/h24caerus.com\/?page_id=38\" \/>\n<meta property=\"og:site_name\" content=\"H24 Caerus\" \/>\n<meta property=\"article:modified_time\" content=\"2026-01-29T17:01:52+00:00\" \/>\n<meta property=\"og:image\" content=\"https:\/\/h24caerus.com\/wp\/wp-content\/uploads\/2026\/01\/Bildschirmfoto-2026-01-08-um-14.57.03-300x64.png\" \/>\n<meta name=\"twitter:card\" content=\"summary_large_image\" \/>\n<script type=\"application\/ld+json\" class=\"yoast-schema-graph\">{\"@context\":\"https:\\\/\\\/schema.org\",\"@graph\":[{\"@type\":\"WebPage\",\"@id\":\"https:\\\/\\\/h24caerus.com\\\/?page_id=38\",\"url\":\"https:\\\/\\\/h24caerus.com\\\/?page_id=38\",\"name\":\"Imprint - H24 Caerus\",\"isPartOf\":{\"@id\":\"https:\\\/\\\/h24caerus.com\\\/#website\"},\"primaryImageOfPage\":{\"@id\":\"https:\\\/\\\/h24caerus.com\\\/?page_id=38#primaryimage\"},\"image\":{\"@id\":\"https:\\\/\\\/h24caerus.com\\\/?page_id=38#primaryimage\"},\"thumbnailUrl\":\"https:\\\/\\\/h24caerus.com\\\/wp\\\/wp-content\\\/uploads\\\/2026\\\/01\\\/Bildschirmfoto-2026-01-08-um-14.57.03-300x64.png\",\"datePublished\":\"2026-01-09T18:59:39+00:00\",\"dateModified\":\"2026-01-29T17:01:52+00:00\",\"breadcrumb\":{\"@id\":\"https:\\\/\\\/h24caerus.com\\\/?page_id=38#breadcrumb\"},\"inLanguage\":\"en-US\",\"potentialAction\":[{\"@type\":\"ReadAction\",\"target\":[\"https:\\\/\\\/h24caerus.com\\\/?page_id=38\"]}]},{\"@type\":\"ImageObject\",\"inLanguage\":\"en-US\",\"@id\":\"https:\\\/\\\/h24caerus.com\\\/?page_id=38#primaryimage\",\"url\":\"https:\\\/\\\/h24caerus.com\\\/wp\\\/wp-content\\\/uploads\\\/2026\\\/01\\\/Bildschirmfoto-2026-01-08-um-14.57.03.png\",\"contentUrl\":\"https:\\\/\\\/h24caerus.com\\\/wp\\\/wp-content\\\/uploads\\\/2026\\\/01\\\/Bildschirmfoto-2026-01-08-um-14.57.03.png\",\"width\":484,\"height\":104},{\"@type\":\"BreadcrumbList\",\"@id\":\"https:\\\/\\\/h24caerus.com\\\/?page_id=38#breadcrumb\",\"itemListElement\":[{\"@type\":\"ListItem\",\"position\":1,\"name\":\"Home\",\"item\":\"https:\\\/\\\/h24caerus.com\\\/\"},{\"@type\":\"ListItem\",\"position\":2,\"name\":\"Imprint\"}]},{\"@type\":\"WebSite\",\"@id\":\"https:\\\/\\\/h24caerus.com\\\/#website\",\"url\":\"https:\\\/\\\/h24caerus.com\\\/\",\"name\":\"H24 CAERUS\",\"description\":\"\",\"publisher\":{\"@id\":\"https:\\\/\\\/h24caerus.com\\\/#organization\"},\"potentialAction\":[{\"@type\":\"SearchAction\",\"target\":{\"@type\":\"EntryPoint\",\"urlTemplate\":\"https:\\\/\\\/h24caerus.com\\\/?s={search_term_string}\"},\"query-input\":{\"@type\":\"PropertyValueSpecification\",\"valueRequired\":true,\"valueName\":\"search_term_string\"}}],\"inLanguage\":\"en-US\"},{\"@type\":\"Organization\",\"@id\":\"https:\\\/\\\/h24caerus.com\\\/#organization\",\"name\":\"H24 CAERUS\",\"url\":\"https:\\\/\\\/h24caerus.com\\\/\",\"logo\":{\"@type\":\"ImageObject\",\"inLanguage\":\"en-US\",\"@id\":\"https:\\\/\\\/h24caerus.com\\\/#\\\/schema\\\/logo\\\/image\\\/\",\"url\":\"https:\\\/\\\/h24caerus.com\\\/wp\\\/wp-content\\\/uploads\\\/2026\\\/01\\\/Bildschirmfoto-2026-01-08-um-14.57.03.png\",\"contentUrl\":\"https:\\\/\\\/h24caerus.com\\\/wp\\\/wp-content\\\/uploads\\\/2026\\\/01\\\/Bildschirmfoto-2026-01-08-um-14.57.03.png\",\"width\":484,\"height\":104,\"caption\":\"H24 CAERUS\"},\"image\":{\"@id\":\"https:\\\/\\\/h24caerus.com\\\/#\\\/schema\\\/logo\\\/image\\\/\"}}]}<\/script>\n<!-- \/ Yoast SEO plugin. -->","yoast_head_json":{"title":"Imprint - H24 Caerus","robots":{"index":"index","follow":"follow","max-snippet":"max-snippet:-1","max-image-preview":"max-image-preview:large","max-video-preview":"max-video-preview:-1"},"canonical":"https:\/\/h24caerus.com\/?page_id=38","og_locale":"en_US","og_type":"article","og_title":"Imprint - H24 Caerus","og_description":"General Info Privacy Policy Imprint Hamburger Toggle Menu Imprint Informa\u021bii privind operatorul site-ului Denumire operator:\u00a0H24 CAERUS S.R.L.Form\u0103 juridic\u0103:\u00a0SRLSediu social:\u00a0Strada Izvorului, Nr. 89, Giarmata, Timi\u015f, 307210 Num\u0103r Registrul Comer\u021bului:\u00a0J2025082820003 Cod unic de \u00eenregistrare (CUI):\u00a0 RO52790280 Date de contact Telefon: +39 0171 1866 600E-mail: info@h24caerus.comWebsite: https:\/\/h24caerus.com Reprezentant legal Nume \u0219i prenume: Socatiu Georgeta-LiviaFunc\u021bie: Administrator Autorit\u0103\u021bi de supraveghere\u00a0 [&hellip;]","og_url":"https:\/\/h24caerus.com\/?page_id=38","og_site_name":"H24 Caerus","article_modified_time":"2026-01-29T17:01:52+00:00","og_image":[{"url":"https:\/\/h24caerus.com\/wp\/wp-content\/uploads\/2026\/01\/Bildschirmfoto-2026-01-08-um-14.57.03-300x64.png","type":"","width":"","height":""}],"twitter_card":"summary_large_image","schema":{"@context":"https:\/\/schema.org","@graph":[{"@type":"WebPage","@id":"https:\/\/h24caerus.com\/?page_id=38","url":"https:\/\/h24caerus.com\/?page_id=38","name":"Imprint - H24 Caerus","isPartOf":{"@id":"https:\/\/h24caerus.com\/#website"},"primaryImageOfPage":{"@id":"https:\/\/h24caerus.com\/?page_id=38#primaryimage"},"image":{"@id":"https:\/\/h24caerus.com\/?page_id=38#primaryimage"},"thumbnailUrl":"https:\/\/h24caerus.com\/wp\/wp-content\/uploads\/2026\/01\/Bildschirmfoto-2026-01-08-um-14.57.03-300x64.png","datePublished":"2026-01-09T18:59:39+00:00","dateModified":"2026-01-29T17:01:52+00:00","breadcrumb":{"@id":"https:\/\/h24caerus.com\/?page_id=38#breadcrumb"},"inLanguage":"en-US","potentialAction":[{"@type":"ReadAction","target":["https:\/\/h24caerus.com\/?page_id=38"]}]},{"@type":"ImageObject","inLanguage":"en-US","@id":"https:\/\/h24caerus.com\/?page_id=38#primaryimage","url":"https:\/\/h24caerus.com\/wp\/wp-content\/uploads\/2026\/01\/Bildschirmfoto-2026-01-08-um-14.57.03.png","contentUrl":"https:\/\/h24caerus.com\/wp\/wp-content\/uploads\/2026\/01\/Bildschirmfoto-2026-01-08-um-14.57.03.png","width":484,"height":104},{"@type":"BreadcrumbList","@id":"https:\/\/h24caerus.com\/?page_id=38#breadcrumb","itemListElement":[{"@type":"ListItem","position":1,"name":"Home","item":"https:\/\/h24caerus.com\/"},{"@type":"ListItem","position":2,"name":"Imprint"}]},{"@type":"WebSite","@id":"https:\/\/h24caerus.com\/#website","url":"https:\/\/h24caerus.com\/","name":"H24 CAERUS","description":"","publisher":{"@id":"https:\/\/h24caerus.com\/#organization"},"potentialAction":[{"@type":"SearchAction","target":{"@type":"EntryPoint","urlTemplate":"https:\/\/h24caerus.com\/?s={search_term_string}"},"query-input":{"@type":"PropertyValueSpecification","valueRequired":true,"valueName":"search_term_string"}}],"inLanguage":"en-US"},{"@type":"Organization","@id":"https:\/\/h24caerus.com\/#organization","name":"H24 CAERUS","url":"https:\/\/h24caerus.com\/","logo":{"@type":"ImageObject","inLanguage":"en-US","@id":"https:\/\/h24caerus.com\/#\/schema\/logo\/image\/","url":"https:\/\/h24caerus.com\/wp\/wp-content\/uploads\/2026\/01\/Bildschirmfoto-2026-01-08-um-14.57.03.png","contentUrl":"https:\/\/h24caerus.com\/wp\/wp-content\/uploads\/2026\/01\/Bildschirmfoto-2026-01-08-um-14.57.03.png","width":484,"height":104,"caption":"H24 CAERUS"},"image":{"@id":"https:\/\/h24caerus.com\/#\/schema\/logo\/image\/"}}]}},"_links":{"self":[{"href":"https:\/\/h24caerus.com\/index.php?rest_route=\/wp\/v2\/pages\/38","targetHints":{"allow":["GET"]}}],"collection":[{"href":"https:\/\/h24caerus.com\/index.php?rest_route=\/wp\/v2\/pages"}],"about":[{"href":"https:\/\/h24caerus.com\/index.php?rest_route=\/wp\/v2\/types\/page"}],"author":[{"embeddable":true,"href":"https:\/\/h24caerus.com\/index.php?rest_route=\/wp\/v2\/users\/1"}],"replies":[{"embeddable":true,"href":"https:\/\/h24caerus.com\/index.php?rest_route=%2Fwp%2Fv2%2Fcomments&post=38"}],"version-history":[{"count":17,"href":"https:\/\/h24caerus.com\/index.php?rest_route=\/wp\/v2\/pages\/38\/revisions"}],"predecessor-version":[{"id":153,"href":"https:\/\/h24caerus.com\/index.php?rest_route=\/wp\/v2\/pages\/38\/revisions\/153"}],"wp:attachment":[{"href":"https:\/\/h24caerus.com\/index.php?rest_route=%2Fwp%2Fv2%2Fmedia&parent=38"}],"curies":[{"name":"wp","href":"https:\/\/api.w.org\/{rel}","templated":true}]}}